{"id":2,"date":"2022-01-28T23:21:22","date_gmt":"2022-01-28T22:21:22","guid":{"rendered":"http:\/\/houdaya.com\/?page_id=2"},"modified":"2024-09-13T22:54:35","modified_gmt":"2024-09-13T20:54:35","slug":"page-d-exemple","status":"publish","type":"page","link":"https:\/\/houdaya.com\/index.php\/page-d-exemple\/","title":{"rendered":"SIRAT AL MOSTAKIIM"},"content":{"rendered":"\n<p class=\"has-text-align-center\"><strong>Salamou Alaykoum Wa Rahmatou Allahi Wa barakatouh.<\/strong><\/p>\n\n\n\n<p class=\"has-text-align-center\"> Toutes les louanges appartiennent au Cr\u00e9ateur supr\u00eame de toute chose, de toute situation.<\/p>\n\n\n\n<p>Si l&#8217;on affirme que la chahada est la cl\u00e9 du paradis, et bien sachez que la reconnaissance est la cl\u00e9 du sirat al mustaqim <\/p>\n\n\n\n<p>Comme vous le savez d\u00e9j\u00e0 d\u00e8s les premi\u00e8res ligne du Coran, Dieu parle du fameux sirat al mostakim: le droit chemin. <\/p>\n\n\n\n<p>Que signification ces deux mots ? Ils repr\u00e9sentent une conduite g\u00e9n\u00e9rale \u00e0 suivre tout au long de la vie d&#8217;un \u00eatre humain.   Cette orientation est explicitement expos\u00e9e dans divers versets r\u00e9partis dans diff\u00e9rentes sourates du Coran, ci dessous \u00e0 titre d&#8217;exemple : le sirat al mostakim est associ\u00e9 \u00e0 la reconnaissance, \u00e0 l&#8217;adoration, \u00e0 la loyaut\u00e9 envers le Coran&#8230;.                              Si nous envisageons ce chemin comme \u00e9tant compos\u00e9 de plusieurs portes : la porte de la reconnaissance, la porte de la loyaut\u00e9, la porte de bienfaisance, l&#8217;enjeu de la vie est de chercher la cl\u00e9 de chacune pour y vivre.<\/p>\n\n\n\n<p>La pleine compr\u00e9hension de ce chemin ne peut \u00eatre atteinte que par l&#8217;\u00e9tablissement d&#8217;une connexion solide avec le livre sacr\u00e9 Le CORAN  comme l&#8217;a si bien soulign\u00e9 l&#8217;Imam Ali radhiya Allahou an&#8217;hou: <\/p>\n\n\n\n<blockquote class=\"wp-block-quote is-layout-flow wp-block-quote-is-layout-flow\">\n<p>&#8220;Le coran es tel un compagnon, plus sa compagnie est longue et plus il te livre ses secrets. Et certes, le compagnon ne se confie jamais \u00e0 celui qui ne lui tient compagnie que quelques minutes puis le d\u00e9laisse&#8221;   L&#8217;imam Ali<\/p>\n<\/blockquote>\n\n\n\n<p>Aussi, Allah nous invite \u00e0 la m\u00e9ditation dans le verset de sourate Muhammad 47:24: Ne m\u00e9ditent-ils pas sur le Coran? Ou y a-t-il des cadenas sur leurs c\u0153urs?&#8211;J&#8217;ai envie d&#8217;ajouter que nous devrions prendre un crayon et les \u00e9tudier attentivement, et ne pas nous limiter \u00e0 les lire et m\u00e9diter seulement : Puisque nous avons une belle progression en particulier dans les versets 1 \u00e0 5 de la sourate El-Alaq, chapitre 96: commen\u00e7ons par lire attentivement et ensuite \u00e9tudions avec un crayon en main pour souligner les points importants. Ce qui nous permettra d&#8217;acqu\u00e9rir une meilleure compr\u00e9hension du savoir .<\/p>\n\n\n\n<p> <strong>Al-&#8216;Alaq 96:1-5 <\/strong>     (1) Lis, au nom de ton Seigneur qui a cr\u00e9\u00e9,(2) qui a cr\u00e9\u00e9 l&#8217;homme d&#8217;une adh\u00e9rence.(3) Lis! Ton Seigneur est le Tr\u00e8s Noble,(4) qui a enseign\u00e9 par la plume [le calame],(5) a enseign\u00e9 \u00e0 l&#8217;homme ce qu&#8217;il ne savait pas.Lis puis enseigner avec la plume , enseigner \u00e0 l&#8217;homme ce qu&#8217;il ne savait pas <\/p>\n\n\n\n<p>Ce site explorera les grands th\u00e8mes pour acc\u00e9der \u00e0 ce Sirat en regroupant les versets correspondants  <\/p>\n\n\n\n<blockquote class=\"wp-block-quote is-style-default is-layout-flow wp-block-quote-is-layout-flow\">\n<p><br><strong>Al-An&#8217;am 6:153 depuis V151<\/strong> <strong>===&gt;<\/strong>Ici il est important de lire les versets qui pr\u00e9c\u00e8dent pour avoir la d\u00e9finition de ce chemin.<br>\u0648\u064e\u0623\u064e\u0646\u064e\u0651 \u0647\u064e\u0670\u0630\u064e\u0627 \u0635\u0650\u0631\u064e\u0670\u0637\u0650\u0649 \u0645\u064f\u0633\u06e1\u062a\u064e\u0642\u0650\u064a\u0645\u064b\u0627 \u0641\u064e\u0671\u062a\u064e\u0651\u0628\u0650\u0639\u064f\u0648\u0647\u064f\u06d6 \u0648\u064e\u0644\u064e\u0627 \u062a\u064e\u062a\u064e\u0651\u0628\u0650\u0639\u064f\u0648\u0627\u0652 \u0671\u0644\u0633\u064f\u0651\u0628\u064f\u0644\u064e \u0641\u064e\u062a\u064e\u0641\u064e\u0631\u064e\u0651\u0642\u064e \u0628\u0650\u0643\u064f\u0645\u06e1 \u0639\u064e\u0646 \u0633\u064e\u0628\u0650\u064a\u0644\u0650\u0647\u0650\u06e6\u06da \u0630\u064e\u0670\u0644\u0650\u0643\u064f\u0645\u06e1 \u0648\u064e\u0635\u064e\u0651\u0649\u0670\u0643\u064f\u0645 \u0628\u0650\u0647\u0650\u06e6 \u0644\u064e\u0639\u064e\u0644\u064e\u0651\u0643\u064f\u0645\u06e1 \u062a\u064e\u062a\u064e\u0651\u0642\u064f\u0648\u0646\u064e&nbsp;<br>\u00abEt voil\u00e0 Mon chemin dans toute sa rectitude, suivez-le donc; et ne suivez pas les sentiers qui vous \u00e9cartent de Sa voie.\u00bb Voil\u00e0 ce qu&#8217;Il vous enjoint. Ainsi atteindrez-vous <strong>la pi\u00e9t\u00e9<\/strong>. <\/p>\n\n\n\n<p>    <br><strong>An-Nahl 16:121.<\/strong>  <strong>===&gt;<\/strong> L&#8217;id\u00e9e de la Reconnaissace<br>\u0634\u064e\u0627\u0643\u0650\u0631\u064b\u0627 \u0644\u0650\u0651\u0623\u064e\u0646\u06e1\u0639\u064f\u0645\u0650\u0647\u0650\u06da \u0671\u062c\u06e1\u062a\u064e\u0628\u064e\u0649\u0670\u0647\u064f \u0648\u064e\u0647\u064e\u062f\u064e\u0649\u0670\u0647\u064f \u0625\u0650\u0644\u064e\u0649\u0670 \u0635\u0650\u0631\u064e\u0670\u0637\u064d \u0645\u064f\u0651\u0633\u06e1\u062a\u064e\u0642\u0650\u064a\u0645\u064d&nbsp;<br>Il \u00e9tait <strong>reconnaissant<\/strong> pour Ses bienfaits et Allah l&#8217;avait \u00e9lu et guid\u00e9 vers un droit chemin.<br><strong>Az-Zukhruf 43:64<\/strong> <strong>===&gt;<\/strong>adoration exclusive \u00e0 Dieu<br>\u0625\u0650\u0646\u064e\u0651 \u0671\u0644\u0644\u064e\u0651\u0647\u064e \u0647\u064f\u0648\u064e \u0631\u064e\u0628\u0650\u0651\u0649 \u0648\u064e\u0631\u064e\u0628\u064f\u0651\u0643\u064f\u0645\u06e1 \u0641\u064e\u0671\u0639\u06e1\u0628\u064f\u062f\u064f\u0648\u0647\u064f\u06da \u0647\u064e\u0670\u0630\u064e\u0627 \u0635\u0650\u0631\u064e\u0670\u0637\u064c \u0645\u064f\u0651\u0633\u06e1\u062a\u064e\u0642\u0650\u064a\u0645\u064c&nbsp;<br>Allah est en v\u00e9rit\u00e9 mon Seigneur et votre Seigneur. <strong>Adorez-Le<\/strong> donc. Voil\u00e0 un droit chemin\u00bb.<br><strong>Az-Zukhruf 43:43<\/strong> <strong>===&gt;<\/strong> la loyaut\u00e9 envers le Coran<br>\u0641\u064e\u0671\u0633\u06e1\u062a\u064e\u0645\u06e1\u0633\u0650\u0643\u06e1 \u0628\u0650\u0671\u0644\u064e\u0651\u0630\u0650\u0649\u0653 \u0623\u064f\u0648\u062d\u0650\u0649\u064e \u0625\u0650\u0644\u064e\u064a\u06e1\u0643\u064e\u06d6 \u0625\u0650\u0646\u064e\u0651\u0643\u064e \u0639\u064e\u0644\u064e\u0649\u0670 \u0635\u0650\u0631\u064e\u0670\u0637\u064d \u0645\u064f\u0651\u0633\u06e1\u062a\u064e\u0642\u0650\u064a\u0645\u064d&nbsp;<br><strong>Tiens fermement<\/strong> \u00e0 ce qui t&#8217;a \u00e9t\u00e9 r\u00e9v\u00e9l\u00e9 car tu es sur le droit chemin. <br><strong>Az-Zukhruf 43:61===&gt;<\/strong>suivre ce qui d\u00e9finit l&#8217;islam<br>\u0648\u064e\u0625\u0650\u0646\u064e\u0651\u0647\u064f\u06e5 \u0644\u064e\u0639\u0650\u0644\u06e1\u0645\u064c \u0644\u0650\u0651\u0644\u0633\u064e\u0651\u0627\u0639\u064e\u0629\u0650 \u0641\u064e\u0644\u064e\u0627 \u062a\u064e\u0645\u06e1\u062a\u064e\u0631\u064f\u0646\u064e\u0651 \u0628\u0650\u0647\u064e\u0627 \u0648\u064e\u0671\u062a\u064e\u0651\u0628\u0650\u0639\u064f\u0648\u0646\u0650\u06da \u0647\u064e\u0670\u0630\u064e\u0627 \u0635\u0650\u0631\u064e\u0670\u0637\u064c \u0645\u064f\u0651\u0633\u06e1\u062a\u064e\u0642\u0650\u064a\u0645\u064c&nbsp;<br>Il sera un signe au sujet de l&#8217;Heure. N&#8217;en doutez point. <strong>Et suivez-Moi<\/strong>: voil\u00e0 un droit chemin. <\/p>\n<cite>LE NOBLE QORAAN<\/cite><\/blockquote>\n\n\n\n<p><strong>L&#8217;objectif est de m\u00e9diter et de r\u00e9fl\u00e9chir sur le concept qui souligne le Sirat al-Mustaqim \u00e0 travers chaque verset, ainsi que de lire les versets pr\u00e9c\u00e9dents pour comprendre la voie que nous devons emprunter<\/strong>. <\/p>\n\n\n\n<p><mark style=\"background-color:rgba(0, 0, 0, 0)\" class=\"has-inline-color has-accent-1-color\">SVP Attention que les versets ne soient pas \u00e9parpill\u00e9s par terre ce sont des paroles du Seigneurs des mondes<\/mark> <\/p>\n\n\n\n<div class=\"wp-block-buttons is-layout-flex wp-block-buttons-is-layout-flex\"><\/div>\n\n\n\n<div class=\"wp-block-buttons is-vertical is-content-justification-center is-layout-flex wp-container-core-buttons-is-layout-4b2eccd6 wp-block-buttons-is-layout-flex\">\n<div class=\"wp-block-button is-style-outline is-style-outline--1\"><a class=\"wp-block-button__link wp-element-button\" href=\"http:\/\/houdaya.com\/wp-content\/uploads\/2023\/10\/Sirat-1.pdf\">T\u00e9l\u00e9charger le support des versets contenant le mot SIRAT<\/a><\/div>\n<\/div>\n","protected":false},"excerpt":{"rendered":"<p>Salamou Alaykoum Wa Rahmatou Allahi Wa barakatouh. Toutes les louanges appartiennent au Cr\u00e9ateur supr\u00eame de toute chose, de toute situation. Si l&#8217;on affirme que la &hellip;<\/p>\n","protected":false},"author":2,"featured_media":0,"parent":0,"menu_order":0,"comment_status":"closed","ping_status":"open","template":"","meta":{"footnotes":""},"class_list":["post-2","page","type-page","status-publish","hentry"],"_links":{"self":[{"href":"https:\/\/houdaya.com\/index.php\/wp-json\/wp\/v2\/pages\/2","targetHints":{"allow":["GET"]}}],"collection":[{"href":"https:\/\/houdaya.com\/index.php\/wp-json\/wp\/v2\/pages"}],"about":[{"href":"https:\/\/houdaya.com\/index.php\/wp-json\/wp\/v2\/types\/page"}],"author":[{"embeddable":true,"href":"https:\/\/houdaya.com\/index.php\/wp-json\/wp\/v2\/users\/2"}],"replies":[{"embeddable":true,"href":"https:\/\/houdaya.com\/index.php\/wp-json\/wp\/v2\/comments?post=2"}],"version-history":[{"count":109,"href":"https:\/\/houdaya.com\/index.php\/wp-json\/wp\/v2\/pages\/2\/revisions"}],"predecessor-version":[{"id":545,"href":"https:\/\/houdaya.com\/index.php\/wp-json\/wp\/v2\/pages\/2\/revisions\/545"}],"wp:attachment":[{"href":"https:\/\/houdaya.com\/index.php\/wp-json\/wp\/v2\/media?parent=2"}],"curies":[{"name":"wp","href":"https:\/\/api.w.org\/{rel}","templated":true}]}}